rue
Let j = 208 + -98. Is 15*((-3)/18 + j/12) a multiple of 9?
True
Let q = -6 - -8. Suppose 13 = i + q*i + n, 5*i - n - 27 = 0. Let j = 86 - i. Does 9 divide j?
True
Let n = 49 - -136. Suppose -5*u - n = -5*w, 4*w + 1 - 165 = -4*u. Does 14 divide w?
False
Let c = 2513 - 1433. Is c a multiple of 27?
True
Let p(m) be the second derivative of 37*m**5/120 - 31*m**4/24 - 6*m**3 - 11*m. Let q(r) be the second derivative of p(r). Does 14 divide q(5)?
True
Let r be 0/(-9) + 8/2 + -274. Is r/(-27)*(-4)/(-10) a multiple of 4?
True
Let j = 5053 - 1943. Is 17 a factor of j?
False
Let y be (-2)/6*(-19 - -10). Suppose -y*r = -5*j - 65, 3*j + 28 = -5*r + 91. Does 15 divide r?
True
Suppose 4*m - j - 58 = 0, 2*m + 52 = 6*m + 2*j. Let l = 70 + m. Suppose 0 = -2*x + 3*v + l, -3*x = x + 5*v - 124. Is 12 a factor of x?
True
Suppose 101*w - 34 = 102*w. Does 7 divide (w*16/12 + 2)*-6?
False
Let m be (2/(-8))/(2/(-4))*0. Suppose 2*v - 6*v + 2*r + 108 = m, v - 18 = -4*r. Suppose -6*j = -4*j - v. Is j a multiple of 2?
False
Suppose 3*j + 3*s = 0, j - s - s - 12 = 0. Does 25 divide (j/36*6)/((-3)/(-3447))?
False
Suppose 5*i - q = -200, 2*q + 81 = -3*i - 39. Let p = 30 + i. Let u = p - -97. Is u a multiple of 14?
False
Let v(j) = 2*j**2 + 231*j + 502. Is v(68) a multiple of 22?
False
Suppose 5*o + 5*z = 3920, -172*o + 173*o - 783 = -2*z. Is 16 a factor of o?
False
Suppose 6*r - 2*r - 40 = 0. Let u(y) = 1 + 5 + 12*y - r*y + 0. Does 18 divide u(6)?
True
Let i(w) be the first derivative of w**4/4 + 7*w**3/3 - w**2 + 6*w + 8. Let m be i(-7). Suppose 4*b - m = -0*b, -3*u + 426 = -3*b. Is u a multiple of 21?
True
Let h(n) = -42*n + 26. Does 38 divide h(-3)?
True
Let p(c) = 24*c - 20. Let u be p(6). Suppose u = l + 16. Is 9 a factor of l?
True
Does 12 divide ((-168)/(-1680))/((-4)/190)*-268?
False
Let g = 14 + 48. Let v = -4131 + 4191. Suppose v*j + 148 = g*j. Does 13 divide j?
False
Does 9 divide 16462260/396 - (-1)/11*-4?
True
Let o be (-11)/((-44)/(-6340)) + -1. Let l = o - -3122. Does 12 divide l?
True
Let g(n) = -n**3 - 21*n**2 - 64*n + 16. Let s be g(-17). Is 5 a factor of s/286 - 336/(-33)?
True
Suppose -6 + 35 = -29*q. Let x(c) = -1640*c**3 - 3*c**2 - 3*c. Does 15 divide x(q)?
False
Let k = -9395 - -12239. Does 12 divide k?
True
Is (47992/(-98))/(2/(-7)) a multiple of 13?
False
Suppose 6*r - 25 = 5. Suppose 2*w - r*w = -4*l - 446, -740 = -5*w + 5*l. Is w a multiple of 4?
False
Suppose -14 = 5*c - 4, -3*m + 2*c = -418. Let o = 567 + m. Is o a multiple of 47?
True
Does 36 divide (-16)/28 - 2853664/(-469)?
True
Let z(n) = n**2 - n - 1. Let o(p) = 7*p**2 - 2*p + 9. Let y(r) = o(r) - 6*z(r). Let v be y(-6). Let k(l) = -l**2 + 33*l - 10. Is k(v) a multiple of 23?
False
Let b(g) = 48*g**2 - 79*g - 626. Does 16 divide b(-13)?
False
Let j = -19 - -14. Let m(o) = -4*o**3 + 8*o**2 + 6*o + 7. Let f(b) = -2*b**3 + 4*b**2 + 3*b + 3. Let p(i) = j*f(i) + 3*m(i). Is 18 a factor of p(-4)?
False
Let z(y) = -3*y**3 - y - 14. Let i be z(-3). Is 34 + -34 - (2 - i) a multiple of 7?
False
Is 16362/(-15)*((-105)/6 + 0) a multiple of 17?
False
Let b be ((-38)/6)/((2 + -5)/(-1386)). Let n = b - 149. Is 11 a factor of n/(-35) + 1/7?
True
Is (-246099)/(-7) - (-8)/(48/54) a multiple of 302?
False
Suppose 0 = 2*x + 18 - 0. Let o(a) = -a**3 - 4*a**2 + 8*a - 17. Let n be o(x). Is n/14 + 2 + 33/(-21) a multiple of 4?
False
Suppose 263*g - 2588 = 267*g. Let o = 907 + g. Is o a multiple of 10?
True
Suppose -115566 - 663114 = -343*x + 208*x. Does 103 divide x?
True
Let p = -5727 + 9351. Is 6 a factor of p?
True
Let g = -117 - -120. Let q be 96/(-2)*(-19)/g. Suppose -231*c - q = -233*c. Is c a multiple of 19?
True
Let o be 4/6 + 139/3. Let v = o - -44. Is v a multiple of 19?
False
Let s = 108 - -22. Suppose -3*t = 2*n - 15, 0 = -6*t + 1 + 29. Suppose n = 2*d - 80 - s. Is 8 a factor of d?
False
Is (-1360)/12*-3*((-9191)/52)/(-7) a multiple of 85?
True
Suppose -7*a + 84 = 5*a. Let n(r) = -2*r**2 + 23*r - 4. Is 2 a factor of n(a)?
False
Let p(t) = 23*t**2 + 35*t + 147. Is p(-17) a multiple of 185?
False
Suppose 4*c + 18 = -u, 2*u + 3*u + c = 5. Let n(a) = 3*a**2 + 6 - a**2 - 3*a**2 + 7*a + 0*a**u. Is 18 a factor of n(4)?
True
Is 20 a factor of 428/8*(12 + -10 + 118)?
True
Let h(d) = -3*d - 1. Let p(a) = 13*a + 5. Let g(o) = -9*h(o) - 2*p(o). Let t be g(5). Suppose 4*r - 2*b = 620, 5*r - t*b - 1085 = -310. Is 31 a factor of r?
True
Let u = -305 - -319. Suppose u*l + 464 = 16*l. Is l a multiple of 58?
True
Suppose -9*m + 5600 = -29*m. Let g = 544 + m. Is 24 a factor of g?
True
Let h be 35/21 + 2/6. Suppose -v = 4*n - 284, 0 = -5*v + v - h*n + 1066. Does 12 divide v?
True
Is 102 a factor of (168/(-14))/((-12)/3928)?
False
Let q(t) be the second derivative of -9*t**3 + 22*t**2 - 13*t. Let w be q(-8). Suppose 0 = 4*j - j + 5*b - 334, -4*j + b + w = 0. Does 24 divide j?
False
Suppose 5*k - 26413 = m, -20*k + 23*k + 2*m = 15840. Is k a multiple of 84?
False
Is 6 a factor of ((-21890)/(-2) - 5) + -2?
True
Let t = 4993 + -2065. Does 10 divide t?
False
Suppose -2*i = -509 + 131. Let y = 147 + i. Is 24 a factor of y?
True
Let l(p) = 7*p - 1. Let r(y) = 8*y - 1. Let g(k) = -5*l(k) + 4*r(k). Let o be g(0). Is (o - -293)/2 - (7 - 11) a multiple of 11?
False
Let n(p) = 11*p**3 - 52*p**2 + 14*p - 65. Is 16 a factor of n(5)?
True
Let j be (15/12)/((-1)/(-12)). Let m be (117/(-12))/(47/(-1880)). Suppose m = -2*o + j*o. Does 26 divide o?
False
Does 11 divide 63402*(-4)/(-44) - (-72)/396?
True
Let n be (-8)/140*-5*7. Let a(f) = f**3 + 9 - 3*f**2 - 3*f**n - 9*f**2 + 13*f + 15*f. Does 17 divide a(13)?
False
Let b(t) = 148*t + 1912. Is 4 a factor of b(-9)?
True
Suppose -11 = 8*a - 51. Suppose 0 = -4*f - 2*y + 4*y + 620, -a*y = 0. Does 10 divide f?
False
Let p be 33/(98/12 - 4 - 4). Is -2 - -3 - (7 - p/6) a multiple of 9?
True
Let k be (2 + -47 - -11)*(1 + -3). Let m = k + 104. Is m a multiple of 43?
True
Let v(i) = 2*i + 20. Suppose 0 = -b - 4*u + 11, -4*b = u + u + 26. Let n be v(b). Suppose -322 = -3*x + 2*j, x + n*x = 4*j + 320. Is x a multiple of 15?
False
Suppose 2*p = 5*h - p - 22, -14 = -5*h + p. Suppose 14*d - 9*d - 5*k - 45 = 0, 0 = -h*k. Does 9 divide d?
True
Let q(u) = u**2 + 6*u + 15. Let y(f) = -f**3 + 7*f**2 + 27*f + 14. Let b be y(10). Let t = 9 + b. Does 11 divide q(t)?
True
Let x = -157 + 157. Suppose x = 2*b - 723 + 79. Is b a multiple of 10?
False
Does 45 divide 235084/6 - 2 - (-388)/(-582)?
False
Is (-62)/((-8 + 20)/(-348)) a multiple of 31?
True
Does 74 divide 123/205 + 33291/15?
True
Let b(m) = 14*m + 658. Let c be b(-49). Suppose -196 = 3*j - 5*z, 0*z - 16 = 4*z. Let h = c - j. Does 17 divide h?
False
Suppose -3*y = -4*y + 35. Let z = -101 - -104. Suppose j = -2*j + 4*l + y, -z*j + 43 = 4*l. Is j a multiple of 10?
False
Suppose -r = x + 1190, 2*x = -2*x + 2*r - 4754. Let h = x - -1698. Is h a multiple of 11?
False
Suppose 0 = 777*g - 282*g - 15255228 + 2585208. Does 108 divide g?
True
Let x be 1/((-28)/(-33288)) + (-2)/(-14). Let w = x + -474. Is w a multiple of 11?
True
Does 6 divide ((-64)/4)/(9/(-3510)*(6 - 2))?
True
Let p = 856 + -822. Is 34 a factor of p?
True
Suppose 0*r - 10 = -2*t + 3*r, 4*t + 2*r - 4 = 0. Let p be (-95)/(-10) - 1/2. Is 8/t + 30/p*6 a multiple of 5?
False
Let b = -3000 + 3014. Is b a multiple of 5?
False
Suppose 0 = k - a - 434, 3*k + 596 - 1897 = 4*a. Let y = k - 147. Does 48 divide y?
True
Suppose -5*i - 8665 = -4*w, 6*i = 2*i - 20. Does 24 divide w?
True
Let h = 6115 - 3530. Suppose 6*b + 929 = h. Is 30 a factor of b?
False
Let v = 101112 + -72060. Is v a multiple of 13?
False
Suppose h = w - 1, 2*h - 2 - 8 = -4*w. Is (-5109)/(-65) - ((-8)/(-5) - w) a multiple of 11?
False
Let k(h) = -5*h - 85. Let p be k(-17). Is 4 a factor of -5 + (355 - 5) + p?
False
Let x = 30920 + -23645. Is x a multiple of 31?
False
Let o = 120 - -270. Let w be (-2)/4 - 14/(-28). Suppose -5*g + 4*q = -2*g - 393, w = 3*g - 5*q - o. Does 27 divide g?
True
Let a(q) = 24*q - 69. Let f be a(3). Suppose 3*c = -f*c + 192. Does 7 divide c?
False
Let b be ((-3)/15)/((-4)/(-10))*-6. Suppose -16 = b*y + y. Let z = y + 22. Is 6 a factor of z?
True
Let v = -9760 + 12373. Is v a multiple of 45?
False
Suppose 8*x = -11 + 83. Suppose -19*i = x*i - 42812. Does 11 divide i?
True
Let p(h) = 3*h**2 + 14*h - 17. Let l be p(-